
{"id":16,"date":"2021-09-29T10:26:43","date_gmt":"2021-09-29T03:26:43","guid":{"rendered":"https:\/\/tsc-amis.misa.vn\/?page_id=16"},"modified":"2025-10-14T10:25:55","modified_gmt":"2025-10-14T03:25:55","slug":"trang-chu","status":"publish","type":"page","link":"https:\/\/amis.misa.vn\/cau-chuyen-khach-hang\/","title":{"rendered":"Trang ch\u1ee7"},"content":{"rendered":"","protected":false},"excerpt":{"rendered":"","protected":false},"author":3,"featured_media":0,"parent":0,"menu_order":0,"comment_status":"closed","ping_status":"closed","template":"page-templates\/home-template_new.php","meta":{"footnotes":""},"class_list":["post-16","page","type-page","status-publish","hentry"],"yoast_head":"<!-- This site is optimized with the Yoast SEO plugin v21.7 - https:\/\/yoast.com\/wordpress\/plugins\/seo\/ -->\n<title>C\u00e2u chuy\u1ec7n th\u00e0nh c\u00f4ng c\u1ee7a kh\u00e1ch h\u00e0ng s\u1eed d\u1ee5ng n\u1ec1n t\u1ea3ng MISA AMIS<\/title>\n<meta name=\"robots\" content=\"index, follow, max-snippet:-1, max-image-preview:large, max-video-preview:-1\" \/>\n<link rel=\"canonical\" href=\"https:\/\/amis.misa.vn\/cau-chuyen-khach-hang\/wp-json\/wp\/v2\/pages\/16\/\" \/>\n<meta property=\"og:locale\" content=\"vi_VN\" \/>\n<meta property=\"og:type\" content=\"article\" \/>\n<meta property=\"og:title\" content=\"C\u00e2u chuy\u1ec7n th\u00e0nh c\u00f4ng c\u1ee7a kh\u00e1ch h\u00e0ng s\u1eed d\u1ee5ng n\u1ec1n t\u1ea3ng MISA AMIS\" \/>\n<meta property=\"og:description\" content=\"H\u01a1n 250.000 kh\u00e1ch h\u00e0ng tin d\u00f9ng n\u1ec1n t\u1ea3ng qu\u1ea3n tr\u1ecb doanh nghi\u1ec7p MISA AMIS. An to\u00e0n, b\u1ea3o m\u1eadt v\u1edbi trung t\u00e2m d\u1eef li\u1ec7u \u0111\u1ea1t ti\u00eau chu\u1ea9n qu\u1ed1c t\u1ebf Tier3, tu\u00e2n th\u1ee7 ti\u00eau chu\u1ea9n an ninh th\u00f4ng tin ISO 27000, CSA STAR.\" \/>\n<meta property=\"og:url\" content=\"https:\/\/amis.misa.vn\/cau-chuyen-khach-hang\/\" \/>\n<meta property=\"og:site_name\" content=\"C\u00e2u chuy\u1ec7n kh\u00e1ch h\u00e0ng\" \/>\n<meta property=\"article:modified_time\" content=\"2025-10-14T03:25:55+00:00\" \/>\n<meta name=\"twitter:card\" content=\"summary_large_image\" \/>\n<!-- \/ Yoast SEO plugin. -->","yoast_head_json":{"title":"C\u00e2u chuy\u1ec7n th\u00e0nh c\u00f4ng c\u1ee7a kh\u00e1ch h\u00e0ng s\u1eed d\u1ee5ng n\u1ec1n t\u1ea3ng MISA AMIS","robots":{"index":"index","follow":"follow","max-snippet":"max-snippet:-1","max-image-preview":"max-image-preview:large","max-video-preview":"max-video-preview:-1"},"canonical":"https:\/\/amis.misa.vn\/cau-chuyen-khach-hang\/wp-json\/wp\/v2\/pages\/16\/","og_locale":"vi_VN","og_type":"article","og_title":"C\u00e2u chuy\u1ec7n th\u00e0nh c\u00f4ng c\u1ee7a kh\u00e1ch h\u00e0ng s\u1eed d\u1ee5ng n\u1ec1n t\u1ea3ng MISA AMIS","og_description":"H\u01a1n 250.000 kh\u00e1ch h\u00e0ng tin d\u00f9ng n\u1ec1n t\u1ea3ng qu\u1ea3n tr\u1ecb doanh nghi\u1ec7p MISA AMIS. An to\u00e0n, b\u1ea3o m\u1eadt v\u1edbi trung t\u00e2m d\u1eef li\u1ec7u \u0111\u1ea1t ti\u00eau chu\u1ea9n qu\u1ed1c t\u1ebf Tier3, tu\u00e2n th\u1ee7 ti\u00eau chu\u1ea9n an ninh th\u00f4ng tin ISO 27000, CSA STAR.","og_url":"https:\/\/amis.misa.vn\/cau-chuyen-khach-hang\/","og_site_name":"C\u00e2u chuy\u1ec7n kh\u00e1ch h\u00e0ng","article_modified_time":"2025-10-14T03:25:55+00:00","twitter_card":"summary_large_image","schema":{"@context":"https:\/\/schema.org","@graph":[{"@type":"WebPage","@id":"https:\/\/amis.misa.vn\/cau-chuyen-khach-hang\/","url":"https:\/\/amis.misa.vn\/cau-chuyen-khach-hang\/","name":"C\u00e2u chuy\u1ec7n th\u00e0nh c\u00f4ng c\u1ee7a kh\u00e1ch h\u00e0ng s\u1eed d\u1ee5ng n\u1ec1n t\u1ea3ng MISA AMIS","isPartOf":{"@id":"https:\/\/amis.misa.vn\/cau-chuyen-khach-hang\/#website"},"datePublished":"2021-09-29T03:26:43+00:00","dateModified":"2025-10-14T03:25:55+00:00","description":"H\u01a1n 250.000 kh\u00e1ch h\u00e0ng tin d\u00f9ng n\u1ec1n t\u1ea3ng qu\u1ea3n tr\u1ecb doanh nghi\u1ec7p MISA AMIS. An to\u00e0n, b\u1ea3o m\u1eadt v\u1edbi trung t\u00e2m d\u1eef li\u1ec7u \u0111\u1ea1t ti\u00eau chu\u1ea9n qu\u1ed1c t\u1ebf Tier3, tu\u00e2n th\u1ee7 ti\u00eau chu\u1ea9n an ninh th\u00f4ng tin ISO 27000, CSA STAR.","inLanguage":"vi","potentialAction":[{"@type":"ReadAction","target":["https:\/\/amis.misa.vn\/cau-chuyen-khach-hang\/"]}]}]}},"_links":{"self":[{"href":"https:\/\/amis.misa.vn\/cau-chuyen-khach-hang\/wp-json\/wp\/v2\/pages\/16","targetHints":{"allow":["GET"]}}],"collection":[{"href":"https:\/\/amis.misa.vn\/cau-chuyen-khach-hang\/wp-json\/wp\/v2\/pages"}],"about":[{"href":"https:\/\/amis.misa.vn\/cau-chuyen-khach-hang\/wp-json\/wp\/v2\/types\/page"}],"author":[{"embeddable":true,"href":"https:\/\/amis.misa.vn\/cau-chuyen-khach-hang\/wp-json\/wp\/v2\/users\/3"}],"replies":[{"embeddable":true,"href":"https:\/\/amis.misa.vn\/cau-chuyen-khach-hang\/wp-json\/wp\/v2\/comments?post=16"}],"version-history":[{"count":2,"href":"https:\/\/amis.misa.vn\/cau-chuyen-khach-hang\/wp-json\/wp\/v2\/pages\/16\/revisions"}],"predecessor-version":[{"id":553,"href":"https:\/\/amis.misa.vn\/cau-chuyen-khach-hang\/wp-json\/wp\/v2\/pages\/16\/revisions\/553"}],"wp:attachment":[{"href":"https:\/\/amis.misa.vn\/cau-chuyen-khach-hang\/wp-json\/wp\/v2\/media?parent=16"}],"curies":[{"name":"wp","href":"https:\/\/api.w.org\/{rel}","templated":true}]}}